-35.
-86
What is the value of 21 - (8 + -19 + 1 + 8)?
23
Calculate -340 - -460 - (229 - 19).
-90
Calculate 2 - 7 - (34 + -53).
14
(-44 - -28) + (23 + -9 - 43)
-45
What is the value of -143 + (-22 - (-19 + (23 - 29)))?
-140
14 + 0 - (-4 - (-61 + -8 - 4))
-55
What is 21 - ((-19 - -56) + 1)?
-17
Evaluate (1 + 20 - (-67 + 60)) + -144.
-116
What is the value of -10 + (45 - (38 - 90))?
87
What is the value of (35 - (10 + 2 + 0)) + -4?
19
Evaluate 18 - 2 - (82 - (67 - -35)).
36
What is (18 - 2 - (3 - 0)) + (274 - 263)?
24
5 + (-10 - ((3 - (-4 - 3)) + (-45 - 13)))
43
-25 + (-113 + 31 - -147)
40
1 - ((12 - 7) + 13 + -7) - -7
-3
4 + 12 - (-3177 - -3327)
-134
What is the value of 2 - (2 + 12) - -51 - (0 + (0 - -4))?
35
What is the value of -190 + 182 + (1 - -5 - 5) + -1 + 9?
1
What is the value of (46 - (9 - 7)) + -182 + 162?
24
What is the value of -19 + 38 + 4 - 22?
1
2 + 0 + -18 - (165 + (-240 - -169))
-110
Calculate -8 + (-4 + 0 - (-2 + -11)).
1
Evaluate -7 - (22 + -13 + (4 - 3) - 11).
-6
Calculate -76 + (74 - (-27 + -9)).
34
Calculate (6 - -3) + -1 - (-6 + (-15 - -12)).
17
Evaluate -28 + -27 + 38 + (3 - 10).
-24
What is the value of -3 + (-101 - (-5 - -5)) - (-166 + 166)?
-104
What is 203 - 104 - (-7 + 14 + -6 + -7 + 1)?
104
What is (13 - 1 - 17) + 8 + 70 - 10?
63
What is (52 - (89 + -39)) + ((-5 - -92) + 1 - -5)?
95
171 + (-163 + -10 - -107)
105
6 - ((-105 - (10 + -72)) + (18 - 0))
31
What is the value of -112 + (52 - -53) + (-30 - 1)?
-38
What is the value of (87 - 4 - -11) + -2 + -15 + (5 - 1)?
81
What is the value of (42 - -3) + (40 - 32)?
53
What is 759 + -811 - (-17 + 0)?
-35
What is the value of 365 + -152 + -216 + (-2 - 2 - -1)?
-6
What is (-116 - (-20 + -67)) + -58?
-87
What is the value of (-199 - (229 + -434)) + (-73 - -2)?
-65
What is the value of -34 - (-27 - -14) - (-5 - 1 - 0)?
-15
What is 117 + -151 - (10 + -77)?
33
Calculate (-4 + -8 - 1) + 24.
11
What is (-3 + -1 + 3 + 3 - -33) + (100 - 98)?
37
What is the value of (43 - 43) + 5 + -4 + -8 + 2?
-5
Evaluate (-37 - -1) + 2250 + -2234.
-20
Calculate 33 + (-4 - (32 - -58)).
-61
Evaluate -44 + -77 + 54 + 48.
-19
What is (-5 - (-3 - 7)) + -7 + (33 - 2 - -7)?
36
What is (52 - -4) + (5 - 133)?
-72
What is the value of -3 + 0 - (-42 + -7 + -11 + 3 + 8)?
46
Calculate -1 + 6 + (-4727 - -4672).
-50
Calculate (134 - (38 + -77 + 48)) + -22.
103
What is 11 + 123 + -113 - -20?
41
What is 5 + 1 - (12 - (-52 + -13 + (14 - 13)))?
-70
What is the value of -1 + ((13 - (2 - -10)) + 3 - -8)?
11
-34 + 0 - (79 + -156 + 87)
-44
Calculate -26 + -154 + 82 - -46.
-52
Calculate (4 - -92) + -73 + 28.
51
Calculate -17 + (-134 - -232) + -34.
47
Calculate -23 + 6 + 198 + -160.
21
What is the value of (-4 - (-4 - 3 - 8)) + (-147 - (-9 - 2))?
-125
46 + -71 - -21 - ((-1 - -5) + -9)
1
What is 110 - (94 - -29) - (-55 + 1)?
41
What is the value of (6 - (10 - (11 - -4))) + (-31 - -22)?
2
What is 21 - (-17 + (1 - 5) + 0)?
42
0 - (-50 - (-42 - -17))
25
Calculate -49 - (5 + -18 + 5 + 1 + -1).
-41
(12 - (25 - -4 - -4)) + 3 + 5
-13
-37 + 0 + (-1 - -3) + 123 + -44 + -77
-33
What is the value of (4 - (143 + -13)) + (1 - -3) + (-235 - -239)?
-118
Calculate (17 - 27) + -4 + -2 + -7.
-23
Calculate (46 - (32 - -21)) + -47 - 2.
-56
What is -42 - (-10 + -18 + -9 + 26)?
-31
(-1 - 4) + 47 + -45 - (-7 - -6)
-2
What is (6 + (-29 - -44) - 28) + (-3 + 1 - -77)?
68
What is the value of 49 + (640 - 648 - (38 + -2))?
5
Calculate 3 + -1 + (-27 - (-21 + (-22 - 33))).
51
What is the value of (7 - 15) + (11 + -16 - -13) - (-3 + 10)?
-7
What is the value of 4 + -74 + (105 - 84)?
-49
What is 23 + -1 + -131 + (124 - 94)?
-79
What is 10 - ((6 + -7 - 1) + -2 + 10 - 10)?
14
Calculate (35 - -1) + (-129 - -131 - 22).
16
-5 + -2 + 13 + -2 - -6
10
What is (26 + (-9 - (-26 + 23)) - (-2 - -4)) + 3?
21
What is -73 + 121 + -67 + 15?
-4
Evaluate -1814 - -1740 - (-126 + -1).
53
Calculate 8 - -1 - ((-6 - -14) + -6 - -59).
-52
(22 - (38 - 11)) + -9 + 2 + -3
-15
What is 2 - 1 - (-4060 - -4117)?
-56
What is -25 - (-48 + (59 - 36))?
0
What is 1 + -4 + 16 - (-6 + (13 - 4 - -13))?
-3
(14 - -2 - -15 - 9) + -55
-33
Evaluate 0 - (-4 - 6) - ((-29 - 86) + 99).
26
67 + (2 - 44) - 12
13
Evaluate (0 - (2 + 1) - (-130 + 124)) + -21 + 14.
-4
What is the value of 4 + (-49 - 15) - (-17 - -14)?
-57
Evaluate (-1 + 33 - 28) + -4 + 62 + 0 + 1.
63
Evaluate 183 - 190 - (-29 + -3 + (4 - 4)).
25
Evaluate 0 + 75 + -70 + (45 - -10).
60
What is the value of (22 - 6) + (-4 - 14) - 62?
-64
0 - 0 - (118 + -259 + 60)
81
Calculate -7 + (19 - -3) - (-40 + 144 - -18).
-107
Calculate (42 - (-43 + -36 + 50)) + -18.
53
What is the value of (39 - -7) + -35 + 40?
51
What is -144 + 291 - (-8 + 28 + 2)?
125
Calculate 13 - ((-23 - -48) + -44 + (134 - 0)).
-102
What is the value of -1 - 8 - (498 - 533 - (1 + -21)) - -42?
48
Calculate -37 + -4 + 4 + 45 + -21.
-13
What is 0 + -2 + -9 + (-65 - (34 - 156))?
46
What is the value of -3 + 17 + -79 - (-7 + 4)?
-62
What is (-66 - -19) + (107 - 44) - (120 + 0)?
-104
What is the value of -2 + -78 + (61 - 41 - -3)?
-57
Calculate 50 + 0 - (65 - 49).
34
36 - (20 - -50) - -48
14
Evaluate -30 - 3 - (19 + (2 + -1 - (-57 + 77))).
-33
-180 + (235 - 159) - (-1 - 14) - 22
-111
What is the value of -40 - (97 - (-6 + 42)) - -35?
-66
Calculate (-1 - 2) + 627 + -561 - -14.
77
-2 - (2 - 5) - ((-23 - -55) + -53)
22
3 + -1 + (-14608 - -14618)
12
(8 - 4 - 9 - -9) + -31 + -7
-34
Evaluate -7 + (-2 - (-12 - (-3 - 3))) - -54.
51
What is -2 + -13 - (-5 + (0 - 6 - 1))?
-3
-34 - (42 + -32 + 1)
-45
0 - (0 + 0) - (45 + -34 + (-7 - 54))
50
Calculate -23 + 11 + 16 + (28 - -2) + -1.
33
Calculate -11 - (9 + 0 + (-165 - -161)).
-16
-15 + 54 - (-6 - (-145 - -1))
-99
Calculate -13 - (29 + -36) - 9.
-15
What is the value of 4 + (22 + -33 + 11 - 15)?
-11
Evaluate -5 + 8 + -20 + 42.
25
What is the value of (-3 - -48) + (5892 - 5916)?
21
What is 1068 + -1085 + (-40 - (-4 + -1)) + 5?
-47
What is (47 + 74 - 120) + 0 + 40?
41
What is (192 - 155) + (-14 - (-2 + (-1 + -3 - -4)))?
25
What is the value of (-33 - (-94 - -30)) + -21?
10
Evaluate -1 + 0 + -21 + 0 - (50 - (29 + 26)).
-17
39 + (-12 - 60) - -71
38
What is the value of -25 + 22 + 27 + -14 + -4?
6
Calculate -3 + (-27 - (-11 - (-15 - -21))) - -60.
47
Evaluate (-9 - -65) + (81 - 105).
32
Calculate -13 - (-23 - (-16 + 1) - -4 - -24).
-33
What is -42 + -52 + 131 + -46?
-9
What is the value of -32 + (-13 - -16) + 40 - 15?
-4
Calculate -19 + (-4 + 16 - 3) + 14.
4
Evaluate (93 - 242) + 16 + 66.
-67
1 + 22 - (-70 - (-49 - 23))
21
Evaluate -3 - ((28 - 9) + -3 + -18 + 5) - 46.
-52
(5 - 24) + 60 - (-2 - -8)
35
Calculate 0 + 0 + -69 + 4942 + -4953 - (-13 - -3).
-70
What is the value of 11 + (15 - (19 - 3)) + 1 + 3?
14
What is (-4 - 5 - (-23 + 5 - 2 - -9)) + -11?
-9
Evaluate 1 + (72 - 1) + 160 + -116 + -57.
59
-114 + (159 - 66) + 111
90
Evaluate (-15 - 3) + (83 + -127 - -34).
-28
Evaluate 38 + -55 + 27 + -28.
-18
Evaluate (15 + -50 - -55) + -51.
-31
59 - (232 - 108) - -37
-28
6 + 49 + (-25 - 55)
-25
What is (6 - 1) + -3 + (-17 - -69 - -5)?
59
Calculate 8 + 2 + 26 - (112 - -5).
-81
(39 + 11 - 34) + (8 - 135)
-111
(4 - 86) + 73 + -61 - 9
-79
What is 13 - (-6 + (24 - 24 - (4 - -44)))?
67
Calculate -1 - (1 + -1) - (141 + -94 + -1 + -2).
-45
11 - (-3 - 0 - (-12 - -1) - (-27 + 32))
8
What is the value of 8 - 102 - (-11 + 8) - (-9 - 2 - -17)?
-97
(-12 - (-15 - -18)) + (3 - -8) - 10
-14
Evaluate -41 + (33 - (-17 + 17)) + 62.
54
(6 - 8) + (8 + -1 - (-66 + 107))
-36
What is the value of 42 + (12 - 25 - 3) - 42?
-16
Evaluate 31 + -25 + -11 - (51 - (3 - -2)).
-51
What is the value of (-5 + 143 - 195) + (11 - (1 - 1 - 1))?
-45
Calculate (-11 - -81) + 10 + -27 + 21.
74
-14 + (8 - -4 - 22)
-24
Evaluate (-26 - -35 - 25) + 48 - -10.
42
What is -78 + 86 + 69 + -24?
53
Evaluate 1 + -15 + 15 + -26 + -28 + 35.
-18
What is (68 - (-7 + -10)) + (5 + 9 + -3 - -3)?
99
Calculate -52 + 65 + 3 + (-12 - -12).
16
What is -29 - ((-4 - (22 + -19)) + 38)?
-60
Calculate 325 - 322 - (3 + -45).
45
49 + 31 + (-44 - 59) - (-3 + 10)
-30
Evaluate 16 - (36 - 68) - 33.
15
What is the value of 5 - -16 - (75 + -8 + -12)?
-34
Evaluate 90 + (55 - (30 - -108)).
7
What is (84 - (28 - -64)) + (0 - 1 - 0 - -26)?
17
Calculate -15 + (7 - -29 - 56).
-35
What is the value of -183 + 61 + 145 - -92?
115
57 - 63 - 8 - (